)).
2
Let x be ((-3 + 6 - 3)/(5 + -7))/1. Let c(f) = f**2 + 1. Let s be c(1). Suppose -6*r - s*r + 1768 = x. What are the prime factors of r?
13, 17
Suppose 12 = -4*y + 20. Let s be 1/((-3)/y)*15/(-2). Suppose 4*n + 218 = c, -s*c - 668 = -8*c - 2*n. What are the prime factors of c?
2, 3, 37
Let k(v) = -v**3 - 9*v**2 - 8*v - 14. Suppose 11*d + 74 + 25 = 0. List the prime factors of k(d).
2, 29
Let n be -14*(-4)/(-4)*(-1)/2. Suppose 2*j + 4*z + n + 1129 = 0, -z + 2272 = -4*j. What are the prime factors of (-2)/(20/5)*j/2?
2, 71
Let h = 382 + -397. What are the prime factors of (((-180)/(-8))/h)/(6/(-2464))?
2, 7, 11
Let y = 890 - -4149. List the prime factors of y.
5039
Suppose 1 + 0 = -a + q, -4*q = -5*a - 1. Suppose -176 = -2*g - 2*o, 272 = a*g - 12*o + 7*o. List the prime factors of g.
89
Let l(t) = -3*t**3 - 48*t**2 - 21*t - 11. Let k be l(-16). Suppose 1091 = 2*y + k. What are the prime factors of y?
383
List the prime factors of 13260/(-21)*210/(-20)*1.
2, 3, 5, 13, 17
Let a(q) = 0 + 2 - 2 - 2*q + 1311*q**2. Let k be a(-1). Suppose 15*s + k = 3308. List the prime factors of s.
7, 19
Let y = 595 - -4358. List the prime factors of y.
3, 13, 127
Suppose 17*p + 2*t = 21*p - 31470, -p - 3*t = -7871. List the prime factors of p.
2, 7, 281
Suppose 6*j - 2*j - 5*x - 81 = 0, 90 = 5*j - 4*x. Suppose -4*r + 2276 = 4*c, 5*c - 17*r - 2853 = -j*r. What are the prime factors of c?
2, 3, 5, 19
Let q(f) = -f**3 - 5*f**2 + 66*f - 1. Let j be q(-11). Let h(i) = -425*i**3 + 2*i**2 - 6*i - 6. What are the prime factors of h(j)?
7, 61
Suppose 4*u + 265631 - 1608 = 5*d, 2*d = -4*u + 105654. What are the prime factors of d?
11, 4801
Let s(d) = -2*d**3 - 34*d**2 + 27*d + 639. What are the prime factors of s(-23)?
2, 3, 1061
What are the prime factors of (-11)/(-55) - (-4)/(-3)*10719/(-90)?
3, 53
Let y(v) = 395*v**2 + 14*v + 4. Let c be y(-2). Let h = -849 + c. What are the prime factors of h?
7, 101
Suppose -23*o + 220391 = -321167. What are the prime factors of o?
2, 61, 193
What are the prime factors of (661/2 + (-26)/(-156))*3?
2, 31
Let o(z) = -3*z**2 - 14*z - 4. Let v be o(-4). Suppose 5*p - 17 = v*y + 30, p - 10 = y. Let r(a) = 3*a**2 + a - 14. What are the prime factors of r(p)?
2, 5, 7
Let c = -8887 + 16656. What are the prime factors of c?
17, 457
Suppose -x - 4*x = -2*w + 19, 0 = -2*w - 2*x + 54. Let z = -45 + w. Let h = 159 - z. List the prime factors of h.
2, 7, 13
Let f(n) = -4*n**2 - 50*n - 18. Let j be f(-14). Let z = j - -1378. What are the prime factors of z?
2, 11, 29
Let g = -3491 + 4949. What are the prime factors of g?
2, 3
Let z(c) = 21*c + 1293. What are the prime factors of z(-28)?
3, 5, 47
Let y(w) be the second derivative of w**4/2 - 49*w**3/6 - 68*w**2 - 163*w. List the prime factors of y(-3).
5, 13
Suppose 0 = 12*s - 17*s + 15. Suppose 226 = -2*r - 5*p, s*r - p = -6*p - 334. Let z = -73 - r. List the prime factors of z.
5, 7
Suppose -4*k = v - 90132, -k = 2*v - 9974 - 12559. What are the prime factors of k?
3, 7, 29, 37
Let b = 8317 - 1379. List the prime factors of b.
2, 3469
Let n(k) = k**2 + 2 - 12 - 11 - 275*k + 2 + 281*k. List the prime factors of n(-12).
53
Let s be -3 - 4/5*(-50)/4. Suppose -s*j = -0*j - 21. What are the prime factors of 1 - (j + -3 + -11)?
2, 3
Let u = 9157 + -2845. What are the prime factors of u?
2, 3, 263
Let i(f) = 5727*f**2 - 80*f + 251. List the prime factors of i(3).
2, 149, 173
Let u(y) = -y**2 - 3*y + 30. Let m be u(-6). Let w(k) = 33*k - 8. List the prime factors of w(m).
2, 97
Let m be -1 + 4*3*(-2)/(-8). Suppose -29 = -m*h + 31. What are the prime factors of 694*3/h + 8/(-20)?
3, 23
Let o = 892 - 885. Suppose 3*b = -b + 340. Let v = b - o. List the prime factors of v.
2, 3, 13
Suppose 40*z = 35*z + 90. List the prime factors of 49375/35 - z/(-63).
17, 83
Let q be -4*(45/12 - 5). Suppose 4*a - 254 = -q*y + 37, -2*y - 4*a = -114. What are the prime factors of y?
59
Suppose 2*x = 2*q - q + 80, -2*q + 106 = 3*x. Suppose 43 = 5*w + x. What are the prime factors of w*9/(36/88)?
2, 11
Let l be ((-20004)/(-9))/(14/21). List the prime factors of (-4 - (-10 + 5))*l/2.
1667
Suppose -3*u = 0, 52 = 2*t + 2*t + u. Suppose -12*c + t*c = 42. List the prime factors of c.
2, 3, 7
Let h = 6 + -6. Suppose h*k - 15 = k - 5*l, -4*l + 12 = 4*k. Suppose k*y = -y + 30. List the prime factors of y.
2, 3, 5
Suppose 0 = 36*f - 189*f + 947988. What are the prime factors of f?
2, 1549
What are the prime factors of (-4)/(-18) - 9278/(-36)*8?
2, 1031
Let v = 245 - 102. Let n = 217 + v. What are the prime factors of n?
2, 3, 5
Suppose -4*y + 59*h + 53316 = 61*h, -5*y + 66654 = h. List the prime factors of y.
2, 3, 11, 101
Let k(b) = 273*b + 461. List the prime factors of k(7).
2, 593
Let c = 8632 - -17258. What are the prime factors of c?
2, 3, 5, 863
Let m = 18 + -134. Let h be -2 + 1 - (-2 + 3)*m. Let q = 50 + h. What are the prime factors of q?
3, 5, 11
Let u(g) = g. Let f be u(-6). Let p be -3 + (f/14 - 2284/28). What are the prime factors of (0 - 2 - p) + 2?
5, 17
Suppose -2*j = -3*t - j - 5801, 5793 = -3*t - 3*j. Let m = t + 2723. What are the prime factors of m?
2, 5, 79
Suppose -43 = g + 137. Suppose 99 = -3*q + 2*q. Let y = q - g. List the prime factors of y.
3
Suppose 326 = -3*k + 9*s - 4*s, -4*k - 440 = -4*s. Let y = 337 + k. What are the prime factors of y?
3, 5
Suppose 4*p = 2*b + 2*p + 8, 0 = -5*b - p - 14. Let u be -6 + 4 - (-2 + b). What are the prime factors of (u - (-5 - -2))*4/6?
2
Suppose 4*n - 11*c = -13*c + 16, -5*c + 16 = 2*n. Suppose -d + 10 = 4*d. Suppose y = -d*f + 72, -n*y + 5*y - 4*f = 112. What are the prime factors of y?
2
Let d = 301 + -298. Suppose 3*v - 2350 = -2*o - d*o, 0 = -3*v + 5*o + 2360. List the prime factors of v.
5, 157
Suppose -5*x + 4*l - 67 = 0, -3*x - 39 = l - 4*l. List the prime factors of -1502*(x/(-6) - (-3 + 6)).
751
Let t = -45 + 53. Suppose 0 = -7*u + t*u - 136. List the prime factors of 5/(4*2/u).
5, 17
Let d(o) = -199*o + 1696. What are the prime factors of d(4)?
2, 3, 5
Suppose -5*z - 24324 = -h, -70*h + 2*z + 48704 = -68*h. What are the prime factors of h?
24359
Suppose -3*b - 4 - 11 = 0, -2*q - 3*b = -33. Let m be (1*q)/(4/((-12)/3)). Let l(o) = o + 42. List the prime factors of l(m).
2, 3
Suppose -b + 29413 = 2*j - 2*b, 29417 = 2*j - 5*b. Suppose -219*m = -210*m - j. What are the prime factors of m?
2, 19, 43
Let y = -80 + 82. Suppose 214 = -5*f + 4*x + 665, 366 = 4*f + y*x. List the prime factors of f.
7, 13
Suppose 0 = a - 5*b - 29, 0*b - 2*b - 170 = -4*a. Let c(u) = -18 + u**2 + u + a - 21 - 15. What are the prime factors of c(7)?
2, 23
Let o = 24356 + -7638. List the prime factors of o.
2, 13, 643
Let r(i) = 4*i**3 - 15*i**2 + 53*i - 14. Let z be r(8). Suppose 2*d + 304 = l, 7*l = 12*l + d - z. What are the prime factors of l?
2, 3, 5
Let n = -292 + 286. List the prime factors of ((-664)/10 - n)*-5.
2, 151
Let z(p) = 6*p - 27. Let v be z(12). Suppose -9*g - v = 99. List the prime factors of -12*(-8)/12*(-396)/g.
2, 3, 11
Let w = -1902 - -3079. Let v = w - -156. List the prime factors of v.
31, 43
What are the prime factors of (-32)/6*(-109530)/60?
2, 1217
Let u be (-6)/4*((-32)/3)/2. Let n be (-186)/(-42) - u/(-14). Suppose 5*v = -4*h + 263, 74 = h + n*v + 27. List the prime factors of h.
2, 3
Let k = -2457 + 3278. List the prime factors of k.
821
Let i(d) = d**2 - 12*d + 24. Let g be i(18). Suppose 5*p - g = 2*p. Let w = p + -24. What are the prime factors of w?
2, 5
Suppose 0 = 2*q - 207 - 10015. What are the prime factors of q?
19, 269
Let d be 684 + -10 + 3 + 0. Let m = d - -17. What are the prime factors of m?
2, 347
Let d be (-90)/44 - 139/(-3058). Suppose x - 1 = 3, -3*v = 2*x - 5. List the prime factors of 2/(-2*d*v/(-22)).
11
Let h be (0 - -4) + 6 + -20. What are the prime factors of (-7506)/h - (-39)/(-65)?
2, 3, 5
Let r(i) = -4*i**3 + 23*i**2 + 4*i + 11. Let f be (-1)/(-2)*(-10 - -20). What are the prime factors of r(f)?
2, 53
Let o be 2 - (-5)/(-2) - 18/(-4). Suppose 4*f - 346 = -2*w - 3*w, 4*f - 344 = -o*w. Suppose -r = 28 - f. What are the prime factors of r?
2, 7
List the prime factors of 2252/6 - 1/(6/(-4)).
2, 47
Suppose 341814 = 46*i - 61836. What are the prime factors of i?
3, 5, 13
Suppose -m + 2 = -4*k, 41 + 13 = 3*m + 4*k. Suppose 0*f = -m*f + 